7174833 prime?
False
Is 5908207 composite?
False
Is 99581137 composite?
True
Is 22724707 a composite number?
False
Is 8569747 a prime number?
True
Is 3954823 a composite number?
False
Is 6372869 composite?
False
Is 785677 a prime number?
False
Is 66504733 a prime number?
True
Is 689053 a prime number?
False
Is 342439621 a composite number?
True
Is 530329 prime?
True
Is 307757 a composite number?
True
Is 3612943 prime?
True
Is 30750767 composite?
True
Is 1392253 a composite number?
False
Is 8408293 composite?
False
Is 47611491 composite?
True
Is 3357587 composite?
True
Is 10397707 a prime number?
True
Is 3673127 composite?
False
Is 9920035 a prime number?
False
Is 374308643 prime?
True
Is 3644753 prime?
False
Is 3117917 a composite number?
True
Is 19656569 a prime number?
True
Is 633825037 a prime number?
True
Is 411349 a composite number?
True
Is 189953923 a composite number?
True
Is 48519223 prime?
False
Is 197746973 a prime number?
True
Is 355609 prime?
True
Is 90410989 a composite number?
True
Is 226718303 composite?
True
Is 394974017 a prime number?
True
Is 3845837 prime?
True
Is 8213531 prime?
True
Is 11894251 prime?
True
Is 257869211 prime?
True
Is 179643287 prime?
True
Is 659147 composite?
True
Is 179198521 composite?
False
Is 60426961 composite?
True
Is 5280139 prime?
True
Is 47032039 prime?
True
Is 91082851 composite?
True
Is 384049 composite?
False
Is 149389367 a prime number?
True
Is 13130771 a prime number?
False
Is 948317 a prime number?
True
Is 3812461 a prime number?
False
Is 32584393 a composite number?
True
Is 214764079 a prime number?
True
Is 44583379 a prime number?
True
Is 2137324843 a composite number?
False
Is 17963191 composite?
True
Is 16342471 composite?
False
Is 934940051 a prime number?
True
Is 83740241 a composite number?
True
Is 742367 prime?
False
Is 13402913 a prime number?
True
Is 12350531 prime?
False
Is 21283657 a prime number?
True
Is 2113207 composite?
False
Is 35945267 a prime number?
False
Is 288654763 a prime number?
True
Is 624480481 a prime number?
False
Is 97178779 a prime number?
True
Is 6556549 prime?
False
Is 42557843 composite?
True
Is 6523549 composite?
False
Is 7209347 a composite number?
False
Is 113401531 a composite number?
True
Is 5288533 a prime number?
False
Is 3376453 composite?
False
Is 140237221 a prime number?
True
Is 149665271 a composite number?
True
Is 298651 a composite number?
False
Is 11779541 prime?
True
Is 367357 composite?
False
Is 617257193 a composite number?
True
Is 21049153 prime?
True
Is 357794287 composite?
False
Is 58085 a composite number?
True
Is 4828483 prime?
False
Is 183811817 a composite number?
True
Is 9242342 prime?
False
Is 247069193 composite?
True
Is 99081377 a prime number?
False
Is 2543171 prime?
True
Is 20723393 composite?
False
Is 1066786541 composite?
False
Is 100769917 a composite number?
True
Is 6059721 a prime number?
False
Is 1503233 prime?
True
Is 2790449 a prime number?
True
Is 3423311 a composite number?
False
Is 702619 prime?
False
Is 494213 prime?
True
Is 4677802 a prime number?
False
Is 33238939 a prime number?
True
Is 1217778779 a composite number?
True
Is 20509733 prime?
True
Is 273624779 a prime number?
True
Is 112974599 prime?
False
Is 31406423 a prime number?
True
Is 437147185 a prime number?
False
Is 376251037 a composite number?
True
Is 100032755 composite?
True
Is 98281681 a prime number?
True
Is 303153209 composite?
False
Is 41524257 a composite number?
True
Is 9186739 a composite number?
False
Is 31666319 a composite number?
False
Is 124538243 a prime number?
False
Is 1137597 prime?
False
Is 23588599 prime?
False
Is 946433 composite?
True
Is 2963507 a prime number?
False
Is 33672266 a composite number?
True
Is 102858593 prime?
True
Is 9594251 a composite number?
True
Is 27580393 composite?
True
Is 6649235 composite?
True
Is 10791727 prime?
True
Is 13137193 a composite number?
False
Is 1407649 a composite number?
True
Is 210117667 a prime number?
False
Is 3820237 prime?
True
Is 34325413 composite?
False
Is 10512295 a prime number?
False
Is 228241747 composite?
True
Is 6939409 prime?
False
Is 276151 composite?
False
Is 83947667 prime?
True
Is 214987537 prime?
True
Is 59292503 a composite number?
False
Is 184190341 a composite number?
False
Is 6625171 prime?
False
Is 760195 prime?
False
Is 235951583 composite?
True
Is 106450523 a composite number?
False
Is 87651503 prime?
False
Is 126856231 composite?
False
Is 331626143 prime?
True
Is 46448269 a prime number?
False
Is 158447353 prime?
True
Is 5109773 a composite number?
False
Is 76234879 prime?
False
Is 146947499 prime?
True
Is 9197593 prime?
True
Is 2643533 a composite number?
True
Is 510271 a composite number?
False
Is 895469483 a prime number?
True
Is 575777 prime?
True
Is 59790515 composite?
True
Is 4037989 a prime number?
False
Is 25987057 a composite number?
False
Is 727049 prime?
True
Is 60805211 composite?
True
Is 1724169 a prime number?
False
Is 277919 a prime number?
True
Is 57328093 composite?
False
Is 25712327 a prime number?
True
Is 99971 prime?
True
Is 807468301 a composite number?
False
Is 13285253 prime?
True
Is 1563851 composite?
False
Is 7311023 prime?
False
Is 43248349 composite?
True
Is 310418131 a composite number?
False
Is 159002021 a composite number?
True
Is 4805165 a prime number?
False
Is 11594873 a composite number?
False
Is 2807183 composite?
True
Is 2959993 a composite number?
True
Is 137149631 a prime number?
True
Is 349593667 prime?
False
Is 10166309 a prime number?
False
Is 309171089 prime?
True
Is 948622049 a composite number?
True
Is 489972397 prime?
True
Is 6435563 prime?
True
Is 30839687 composite?
False
Is 186418939 a prime number?
False
Is 97590967 prime?
False
Is 56493683 prime?
False
Is 55408043 composite?
False
Is 79915553 a composite number?
False
Is 2419961 a prime number?
False
Is 4572746 prime?
False
Is 17862703 prime?
False
Is 3191294 a prime number?
False
Is 5990147 composite?
False
Is 5215055 prime?
False
Is 5673209 composite?
True
Is 212282251 prime?
True
Is 490279 composite?
True
Is 1710757 prime?
True
Is 290579119 a composite number?
False
Is 10575566 composite?
True
Is 4388609 a prime number?
True
Is 5063511 a prime number?
False
Is 297005437 a prime number?
True
Is 14131466 a composite number?
True
Is 227053283 composite?
False
Is 64656301 composite?
True
Is 10778974 a composite number?
True
Is 2781479 a prime number?
False
Is 184439371 a prime number?
True
Is 15728339 prime?
False
Is 1909813835 prime?
False
Is 215823 a composite number?
True
Is 7176821 a composite number?
True
Is 2690909 a composite number?
True
Is 5014753 composite?
True
Is 1725253 prime?
False
Is 9029069 a prime number?
False
Is 2452429 a prime number?
False
Is 539182607 a prime number?
True
Is 8133569 a prime number?
True
Is 3155629 composite?
False
Is 18291991 prime?
False
Is 55331 composite?
False
Is 38048671 a prime number?
False
Is 2964461 a composite number?
False
Is 87941957 a composite number?
True
Is 5620159 composite?
False
Is 12890447 a composite number?
False
Is 2888423 a composite number?
True
Is 21184151 a composite number?
False
Is 13566557 a composite number?
False
Is 12267079 prime?
False
Is 5032823 composite?
False
Is 18411823 a composite number?
True
Is 4672526 a prime number?
False
Is 36414353 a prime number?
True
Is 125494567 prime?
False
Is 163144958 composite?
True
Is 636406 a composite number?
True
Is 228526211 composite?
True
Is 1990537 prime?
False
Is 1600411 a prime number?
False
Is 8716373 a composite number?
False
Is 95992301 a prime number?
True
Is 2109507 prime?
False
Is 42292427 a composite number?
False
Is 10603073 a composite number?
True
Is 55745441 prime?
True
Is 2190649 a composite number?
True
Is 25815005 composite?
True
Is 1756747 a composite number?
False
Is 1194190615 a prime number?
False
Is 22722509 a prime number?
True
Is 63303001 prime?
True
Is 1863817 a prime number?
False
Is 160491503 a composite number?
False
Is 50185501 prime?
True
Is 1686469 a prime number?
False
Is 207013 a prime number?
True
Is 119399281 composite?
False
Is 227849719 composite?
False
Is 604644007 composite?
True
Is 28298497 prime?
True
Is 71791781 prime?
True
Is 103272781 a prime number?
False
Is 1029139 a prime number?
True
Is 14782211 prime?
